181 - -27).
-40
What is the value of 1 + -44 + 1 - (-108 + 69 - -36) - 4?
-43
What is -71 + (55 - -14) - -65 - (2 - 0)?
61
68 + 23 + -20 - (0 - -20)
51
-5 + -10 + (4 - (8 + -7)) - -39
27
Calculate 6 + (16 - (-8 + 12) - 13) + 4.
9
Calculate 21 + -4 - (-3 - (-1 + (0 - 5) + 9)).
23
Evaluate (1 - (1 - 0)) + (-23 - (43 + (20 - 44))).
-42
What is -17 + (-37 - -30) + -17?
-41
Evaluate -5 + 8 + (-11 + 64 - (-23 + 8)).
71
Calculate (0 - 56) + (120 - 125 - (2 + -1)).
-62
Calculate 23 + -4 - ((4 - 10) + -12).
37
Evaluate 37 + -51 + (29 - (-2 + -10)).
27
-14 + (0 - (-5 + 5)) + 19 + -14
-9
43 - 60 - ((-15 - 14) + 13)
-1
Calculate -305 - -222 - (-1 + -32).
-50
What is the value of 26 + (10 + 30 - 67) + 43?
42
What is 12 + -5 + 9 - ((-4 - 9) + 2)?
27
What is the value of 2127 - 2112 - (26 + 1)?
-12
-67 - (-7 - 6 - (-3 - (4 + 17)) - 2)
-76
-33 + -3 + (1 - -2) - (13 - (-14 - -17))
-43
What is the value of -70 + 0 + 0 + (-23 - (-21 + -16))?
-56
Calculate -37 - (-21 - -29) - -26.
-19
What is (3 + 9 - -11) + (28 - 37) + (85 - -2)?
101
Calculate (0 - (4 - 1)) + (-664 - -643).
-24
What is the value of 1 + -41 + (36 + -37 + 7 - 15)?
-49
Evaluate 6 - 20 - (-59 + 69 - -33).
-57
What is the value of 5 + -15 - (22 - (-31 - -31))?
-32
What is the value of (18 + -2 - ((-15 - 40) + 86)) + 0?
-15
Calculate (-56 - (88 - 19 - 114)) + (-2 - (12 + 2)).
-27
Calculate (-60 - -21) + 44 + -44.
-39
What is 122 + (22 - (-37 - (-48 - 31)))?
102
Calculate -72 + (-1 - ((-30 - (-30 + 15)) + 6)).
-64
What is the value of 2 + 32 + -142 - -38 - -19?
-51
Calculate 32 + -42 - 6 - (6 + -5 + 3).
-20
Calculate 105 - (96 + -82 + 138).
-47
What is -19 + 102 + -13 + -32 + 15?
53
Calculate -4 - (0 + 11 + -67).
52
What is ((0 - 74) + -1 + 15 - -20) + 12?
-28
-18 - (-113 + 113 + -10 + -3)
-5
Calculate -60 + (-5 - 2) + -12 + (0 - 12 - -24).
-67
What is the value of 0 - 9 - (-893 + 867)?
17
What is -13 - 50 - -72 - (37 + -2)?
-26
62 + 39 + (-29 + -5 - -30)
97
80 + (-109 - 102) + -13
-144
What is the value of 16 - 18 - (-2 + 6) - (64 - 76)?
6
Evaluate -1 + 61 - (5470 + -5430).
20
What is the value of 1 + 15 + -6848 + 6836?
4
What is -18 + (0 - (20 + (-9 - 1)))?
-28
What is (-1 - (12 - 3 - -4)) + -10?
-24
What is the value of 32 + -44 + 46 - 18?
16
What is 8 + -67 - -27 - (0 + 19)?
-51
(7 - 15) + (22 - -7) + (-7 + 0 - 3)
11
(-6 + 0 - 12) + (0 - (-6 + 6)) - 10
-28
What is the value of (107 - 0) + (174 - (-220 + 403))?
98
Calculate (87 - 36 - 96) + 51 + (1 - (-75 - 2)).
84
What is (-17 - -12) + 9 - (3 - 14 - -7)?
8
What is 8 + 5 + 1 - 62 - (13 + -1)?
-60
51 - (3 + (6 - -18))
24
What is the value of (-1793 - -1753) + -70 + 5?
-105
Calculate ((0 - 11) + -5 - -20) + 15.
19
Evaluate (-14 - (97 + -89)) + 37.
15
What is (-5 + -13 + 34 + -18 - -6) + (22 - -1)?
27
Calculate 2 + -223 + -20005 + 20137.
-89
What is the value of (-20 + 1 - (-51 - -42)) + (67 - (2 - -1))?
54
What is the value of -13 + (7 - (-1 - (-8 + 18 + 4)))?
9
What is 54 - -14 - (10 - -45)?
13
What is the value of -163 + 41 + 17 + -31 - -14?
-122
5 + (-10 + 27 - (14 + -2)) + 35
45
What is the value of (-17 + 27 - -36) + -10?
36
What is -23 + 45 + -25 + 66 + (8 - -1)?
72
Evaluate 29 - (3 + -7 - (6 - (8 - 8))).
39
Calculate (227 - 195) + (1 - 34).
-1
35 + -67 + 34 - -14
16
What is the value of 9 + 1 + 0 + (-3 + 14 - (-119 - -107))?
33
Evaluate 3 + (58 - (18 - (2 + -5))).
40
What is 42 + -16 - (-25 + (21 - -24))?
6
Calculate 0 + (-37 + (-34 - -17) + 5 - 0).
-49
Calculate (-2 - 2) + (5 + -7 - (35 + -26)).
-15
Evaluate 13 - (-7 - 0 - -7).
13
Evaluate 52 + 3 + -98 + 24.
-19
What is the value of (-9 - -2) + -23 + (88 - 2)?
56
What is (-22 - 43) + 65 + -62 + (-1 - (3 + -5))?
-61
Evaluate 23 - (13 + 7 - -21).
-18
Calculate 10 + 6 + -3 + 2 + 17.
32
What is the value of 23 - ((-1 + -1 - 81) + 23)?
83
Calculate -68 + 32 + 3 + -5 + -3 + 5 + 2.
-34
What is 70 + (-13 - (18 + -18 + 11))?
46
What is the value of -38 + -22 + -5 + 0 + 24?
-41
Evaluate (-2 - 100) + (148 - 156 - -44).
-66
What is -22 + 31 + 29 + -26?
12
-41 + -31 + 64 + -60
-68
Evaluate -17 + 4 - (-79 - -85).
-19
What is the value of 21 - (-66 + 84 + -2)?
5
What is (-50 - ((6 - (13 - 10)) + 3 + 3)) + -2?
-61
What is the value of (11 - -19) + (-173 - -94) + (0 - 7)?
-56
-16 - ((-45 - -81) + (9 - -21))
-82
20 - ((59 - 59) + 42)
-22
-44 + 53 + 9 + 1 + -30
-11
Evaluate 28 - 20 - (16 - (-11 + 11 + 112)).
104
What is -5 + -8 + 3 + 4 + (-22 - 5)?
-33
-22 + (11 - -17) - (14 + -1) - 9
-16
What is the value of (-3 - (-3 + -6 + 6)) + (-334 - -380)?
46
Calculate -3 - (-13 + 13 + -4 + (6 - (7 - -3))).
5
Evaluate -2 + 16 + -30 + 59 - (-3 - 16).
62
What is -1 + (-38 + 1 - (1 + -3))?
-36
Evaluate (-15 - (13 - (15 - 1))) + -22.
-36
Calculate 33 - -10 - 37 - (-27 - (5 - 9)).
29
Evaluate -37 + -3 + 2 + (-12 - 11 - -8).
-53
Evaluate (27 - (-5 + (14 - 11))) + -3 + -4 - 9.
13
Calculate 42 + -100 + 33 - -120.
95
What is the value of 45 + 1 - (85 - (10 - -56))?
27
What is -14 - (101 + (-117 - -123))?
-121
What is the value of 33 + (-34 + 11 - (11 + -27 + 8))?
18
What is the value of -12 + (-40 - -106) + -57?
-3
Calculate 18 - (59 + 44 - (-18 - 5)).
-108
What is 7 + (9 - -2) - (-105 - -129)?
-6
Calculate 2 - (112 + -54 + -5 + 40).
-91
147 + 3 + (10999 - 11218)
-69
What is -5 + 14 + -138 - (-20 + 1 - -4)?
-114
Calculate -8 - -3 - 1 - (-114 + -6 - (-64 - -92)).
142
Calculate -29 - (14 - (10 + 25) - -35).
-43
Evaluate -33 - (59 - (48 - -40)).
-4
Calculate 144 + -63 + -157 + -38.
-114
Evaluate 10843 + -10964 - (0 - 30).
-91
(-110 - (-317 - -140)) + (2 - 2) + (-10 - 0)
57
What is -15 + 13 + (4 - -2) + (-7 - 45)?
-48
Calculate 28 + -17 - -3 - (70 - (15 - 12)).
-53
What is -22 + 12 - (-14 - 4 - (-123 - -53))?
-62
What is the value of (29 + -44 - (-5 - 6)) + (4 - (4 - 70))?
66
Evaluate -1241 + 1149 + -13 + 23.
-82
What is the value of (-117 - -252) + -291 + 46?
-110
Evaluate 25 - ((-141 - -299) + (2 - 8)).
-127
Calculate -98 - (40 - (59 + 54)).
-25
What is the value of (49 - 17) + (464 - 485) + 17 + 1?
29
What is the value of (19 - (7 + -4)) + (48 - 95 - 26)?
-57
What is the value of 89 - (-628 + 575 + -2 + 18)?
126
What is the value of 46 - 35 - (-111 - -142)?
-20
What is the value of -125 - -106 - (15 + -64)?
30
Evaluate -32880 + 32913 - (120 + -1).
-86
Evaluate -6 - (0 - 0) - (21 - (-50 + 1 - -58)).
-18
Evaluate 0 + (12 - -15) + -68 + 27.
-14
What is 31 + -44 - (2 + -1 - (13 + -1) - -5)?
-7
Calculate -33 + (24 + -17 - 55).
-81
What is the value of -8 + -40 + (34 - 21) + -18?
-53
Evaluate -25 - (-8 + -26 + 9 + 23).
-23
Calculate -36 - (25 - (-24 + 29 + 15)).
-41
Calculate 8 - ((-57 - 7) + 8 + -2).
66
Evaluate -8 + (7 - (-57 + (1 - -8) - -3 - -7)).
37
Calculate 220 + -184 + (2 - 102).
-64
What is the value of -42 - (-15 - ((-4 - 23) + 10))?
-44
Evaluate (71 - -2 - -7) + (18 + -2 - (111 - 105)).
90
Calculate (-6 - -3) + 0 + 4 + -4 + 17 + -104.
-90
What is the value of 7 + (689 - 685 - (1 - -11))?
-1
What is -59 - ((-56 - -45) + -98)?
50
Calculate 51 - (10 - 2) - 35.
8
Calculate -33 + 30 - -81 - 10.
68
Calculate -5 + -47 - (-81 + -37).
66
What is -21 + (-22 - (10 + -30) - (-1 + 3 + -13))?
-12
What is 3 + 3 + -6 + -69 + 597 + -606?
-78
What is 5 - 4 - 69 - ((7 - -4) + -6 - 9)?
-64
What is -19 - (31 - 43 - -18)?
-25
Calculate 9 + -10 + (-22 - -14) + (80 - (-2 + 6)).
67
78 - (-41 + 48 + 31) - -65
105
Evaluate 50 + 28 + 27 + -194.
-89
What is the value of 11 + (-40 - (-18 - (6 - 5)))?
-10
What is (-40 + 2 - (-1098 + 1054)) + 0 + -34 + 1?
-27
(-1 + 2 - -11) + (-71 - -66 - -3)
10
Calculate 11 + (18 - (-19 - (-8 - 50))).
-10
46 - (-69 - 9 - -168)
-44
Evaluate -13 + (0 - -11) + (-28 - -15) + 2.
-13
72 + -54 - (4 - -3) - 32
-21
What is the value of 14 + -69 + 47 + 30?
22
Evaluate 42 + -8 + (34 - 15).
53
Calculate -1 + 7 + (-2 - (36 - 22 - -71)).
-81
Evaluate 43 + 24 + 61 + -127.
1
Calculate 15 + (3 + -9 + 2 - 0 - -11).
22
Calculate -75 - (0 + 32 - 69).
-38
What is the value of -81 - ((25 - 7) + -25 + -11)?
-63
8 - (-93 - -55) - (-46 - -20)
72
Evaluate (0 - -41) + 1 + (6 - 12).
36
What is the value of -11 + -18 + 46 - 18?
-1
Evaluate 120 - (-48 + (-47 - -150)).
65
-11 + (-2 + -35 - (7 + -1 - 8))
-46
Calculate 1 + 2 + -28 + (-3 - (-24 - -26 - -3)).
-33
What is the value of 8 - 0 - (-160 + 106 - -24)?
38
130 - ((32 + -1 - (330 + -318)) + 1)
11